{"id":2177,"date":"2023-11-25T11:11:13","date_gmt":"2023-11-25T10:11:13","guid":{"rendered":"http:\/\/cyclosaintbenoit86.fr\/?page_id=2177"},"modified":"2026-03-31T15:33:55","modified_gmt":"2026-03-31T13:33:55","slug":"gravel","status":"publish","type":"page","link":"https:\/\/cyclosaintbenoit86.fr\/index.php\/gravel\/","title":{"rendered":"Gravel"},"content":{"rendered":"\t\t<div data-elementor-type=\"wp-page\" data-elementor-id=\"2177\" class=\"elementor elementor-2177\">\n\t\t\t\t\t\t<section class=\"elementor-section elementor-top-section elementor-element elementor-element-7bfce2e elementor-section-boxed elementor-section-height-default elementor-section-height-default\" data-id=\"7bfce2e\" data-element_type=\"section\">\n\t\t\t\t\t\t<div class=\"elementor-container elementor-column-gap-default\">\n\t\t\t\t\t<div class=\"elementor-column elementor-col-100 elementor-top-column elementor-element elementor-element-8148158\" data-id=\"8148158\" data-element_type=\"column\">\n\t\t\t<div class=\"elementor-widget-wrap elementor-element-populated\">\n\t\t\t\t\t\t<div class=\"elementor-element elementor-element-4f6620e elementor-widget elementor-widget-text-editor\" data-id=\"4f6620e\" data-element_type=\"widget\" data-widget_type=\"text-editor.default\">\n\t\t\t\t<div class=\"elementor-widget-container\">\n\t\t\t\t\t\t\t\t\t<h2 style=\"text-align: center;\"><strong><img fetchpriority=\"high\" decoding=\"async\" class=\"aligncenter wp-image-4931 size-medium\" src=\"https:\/\/cyclosaintbenoit86.fr\/wp-content\/uploads\/2026\/02\/Printaniere_gravel-300x181.jpg\" alt=\"\" width=\"300\" height=\"181\" srcset=\"https:\/\/cyclosaintbenoit86.fr\/wp-content\/uploads\/2026\/02\/Printaniere_gravel-300x181.jpg 300w, https:\/\/cyclosaintbenoit86.fr\/wp-content\/uploads\/2026\/02\/Printaniere_gravel-310x187.jpg 310w, https:\/\/cyclosaintbenoit86.fr\/wp-content\/uploads\/2026\/02\/Printaniere_gravel-150x90.jpg 150w, https:\/\/cyclosaintbenoit86.fr\/wp-content\/uploads\/2026\/02\/Printaniere_gravel.jpg 430w\" sizes=\"(max-width: 300px) 100vw, 300px\" \/><\/strong><\/h2><h2 style=\"text-align: center;\"><strong>Depuis la cr\u00e9ation de <em>\u00ab\u00a0La printani\u00e8re Gravel by Cyclo St Benoit\u00a0\u00bb<\/em>, nous avons enchain\u00e9 deux \u00e9ditions en mars 2024 et 2025. C\u2019est une organisation cons\u00e9quente qui demande un investissement important. Tous les membres et les b\u00e9n\u00e9voles se sont\u00a0<\/strong><strong>fortement\u00a0<\/strong><strong>mobilis\u00e9s durant ces deux derni\u00e8res ann\u00e9es. L\u2019\u00e9quipe a besoin de se ressourcer pour mieux revenir l\u2019an prochain.\u00a0<\/strong><\/h2><h2 style=\"text-align: center;\"><strong>Rendez-vous donc en mars 2027 pour une nouvelle \u00e9dition et des nouveaut\u00e9s. <\/strong><\/h2><h2 style=\"text-align: center;\"><em><strong>L\u2019\u00e9quipe du Cyclo Saint Benoit<\/strong><\/em><\/h2>\t\t\t\t\t\t\t\t<\/div>\n\t\t\t\t<\/div>\n\t\t\t\t\t<\/div>\n\t\t<\/div>\n\t\t\t\t\t<\/div>\n\t\t<\/section>\n\t\t\t\t<section class=\"elementor-section elementor-top-section elementor-element elementor-element-8a17a49 elementor-section-boxed elementor-section-height-default elementor-section-height-default\" data-id=\"8a17a49\" data-element_type=\"section\">\n\t\t\t\t\t\t<div class=\"elementor-container elementor-column-gap-default\">\n\t\t\t\t\t<div class=\"elementor-column elementor-col-100 elementor-top-column elementor-element elementor-element-430a870\" data-id=\"430a870\" data-element_type=\"column\">\n\t\t\t<div class=\"elementor-widget-wrap elementor-element-populated\">\n\t\t\t\t\t\t<div class=\"elementor-element elementor-element-f7efe20 elementor-widget elementor-widget-heading\" data-id=\"f7efe20\" data-element_type=\"widget\" data-widget_type=\"heading.default\">\n\t\t\t\t<div class=\"elementor-widget-container\">\n\t\t\t\t\t<h2 class=\"elementor-heading-title elementor-size-default\"><br>LA SECTION GRAVEL DU CLUB<br><br><\/h2>\t\t\t\t<\/div>\n\t\t\t\t<\/div>\n\t\t\t\t\t<\/div>\n\t\t<\/div>\n\t\t\t\t\t<\/div>\n\t\t<\/section>\n\t\t\t\t<section class=\"elementor-section elementor-top-section elementor-element elementor-element-2306ab2 elementor-section-boxed elementor-section-height-default elementor-section-height-default\" data-id=\"2306ab2\" data-element_type=\"section\">\n\t\t\t\t\t\t<div class=\"elementor-container elementor-column-gap-default\">\n\t\t\t\t\t<div class=\"elementor-column elementor-col-100 elementor-top-column elementor-element elementor-element-a8bb23e\" data-id=\"a8bb23e\" data-element_type=\"column\">\n\t\t\t<div class=\"elementor-widget-wrap elementor-element-populated\">\n\t\t\t\t\t\t<div class=\"elementor-element elementor-element-e61b3f1 elementor-widget__width-initial elementor-widget elementor-widget-heading\" data-id=\"e61b3f1\" data-element_type=\"widget\" data-widget_type=\"heading.default\">\n\t\t\t\t<div class=\"elementor-widget-container\">\n\t\t\t\t\t<h2 class=\"elementor-heading-title elementor-size-default\"><span style=\"color: var( --e-global-color-219e8d7 ); font-family: Oswald; font-size: 30px; font-style: normal; font-variant-ligatures: normal; font-variant-caps: normal; font-weight: 600; letter-spacing: 0.8px; word-spacing: 7px; -webkit-text-stroke: 1px rgb(0, 0, 0);\">Calendrier des sorties gravel du Club<\/span><br><br><\/h2>\t\t\t\t<\/div>\n\t\t\t\t<\/div>\n\t\t\t\t\t<\/div>\n\t\t<\/div>\n\t\t\t\t\t<\/div>\n\t\t<\/section>\n\t\t\t\t<section class=\"elementor-section elementor-top-section elementor-element elementor-element-826f4ea elementor-section-boxed elementor-section-height-default elementor-section-height-default\" data-id=\"826f4ea\" data-element_type=\"section\">\n\t\t\t\t\t\t<div class=\"elementor-container elementor-column-gap-default\">\n\t\t\t\t\t<div class=\"elementor-column elementor-col-100 elementor-top-column elementor-element elementor-element-79d412a\" data-id=\"79d412a\" data-element_type=\"column\">\n\t\t\t<div class=\"elementor-widget-wrap elementor-element-populated\">\n\t\t\t\t\t\t<div class=\"elementor-element elementor-element-816e0ce elementor-widget elementor-widget-text-editor\" data-id=\"816e0ce\" data-element_type=\"widget\" data-widget_type=\"text-editor.default\">\n\t\t\t\t<div class=\"elementor-widget-container\">\n\t\t\t\t\t\t\t\t\t<h2 class=\"elementor-heading-title elementor-size-default elementor-inline-editing pen\" contenteditable=\"true\" data-elementor-setting-key=\"title\" data-pen-placeholder=\"\u00c9crivez ici...\"><span style=\"color: #ff0000;\">Sortie officielle du club tous les 1er samedis du mois.<\/span><\/h2><div lang=\"x-unicode\"><h4 dir=\"auto\">\u00a0<\/h4><h4 dir=\"auto\">D\u00e9part du local du club \u00e0 8h30 avec constitution de groupes si n\u00e9cessaire.<\/h4><h4 dir=\"auto\"><span style=\"color: #ff0000;\">\u00a0Circuits premier semestre 2025 :<\/span><\/h4><h4 dir=\"auto\">\u00a0&#8211; samedi 4 janvier <a href=\"https:\/\/cyclosaintbenoit86.fr\/wp-content\/uploads\/gpx\/circuit_16.gpx\"><span style=\"text-decoration: underline;\">parcours n\u00b016<\/span><\/a><\/h4><h4 dir=\"auto\">&#8211; samedi 1er f\u00e9vrier <span style=\"text-decoration: underline;\"><a href=\"https:\/\/cyclosaintbenoit86.fr\/wp-content\/uploads\/gpx\/trace%20n%C2%B025.gpx\">parcours n\u00b025<\/a><\/span><\/h4><h4 dir=\"auto\">&#8211; samedi 1er mars <a href=\"https:\/\/cyclosaintbenoit86.fr\/wp-content\/uploads\/gpx\/trace%20n%C2%B030.gpx\"><span style=\"text-decoration: underline;\">parcours n\u00b030<\/span><\/a><\/h4><h4 dir=\"auto\">&#8211; samedi 5 avril <a href=\"https:\/\/cyclosaintbenoit86.fr\/wp-content\/uploads\/gpx\/circuit_10.gpx\"><span style=\"text-decoration: underline;\">parcours n\u00b010<\/span><\/a><\/h4><h4 dir=\"auto\">&#8211; samedi 3 mai \u00a0<a href=\"https:\/\/cyclosaintbenoit86.fr\/wp-content\/uploads\/gpx\/trace%20n%C2%B015.gpx\"><span style=\"text-decoration: underline;\">parcours n\u00b015<\/span><\/a><\/h4><h4 dir=\"auto\">&#8211; samedi 7 juin\u00a0 <a href=\"https:\/\/cyclosaintbenoit86.fr\/wp-content\/uploads\/gpx\/circuit_8.gpx\"><span style=\"text-decoration: underline;\">parcours n\u00b08<\/span><\/a><\/h4><div><h4>\u00a0<strong>Il est aussi possible de rouler les autres samedis en faisant une proposition de circuit via le groupe Gravel WhatsApp du club.<\/strong><\/h4><\/div><\/div>\t\t\t\t\t\t\t\t<\/div>\n\t\t\t\t<\/div>\n\t\t\t\t\t<\/div>\n\t\t<\/div>\n\t\t\t\t\t<\/div>\n\t\t<\/section>\n\t\t\t\t<section class=\"elementor-section elementor-top-section elementor-element elementor-element-2f8a9a3 elementor-section-boxed elementor-section-height-default elementor-section-height-default\" data-id=\"2f8a9a3\" data-element_type=\"section\">\n\t\t\t\t\t\t<div class=\"elementor-container elementor-column-gap-default\">\n\t\t\t\t\t<div class=\"elementor-column elementor-col-100 elementor-top-column elementor-element elementor-element-85ab562\" data-id=\"85ab562\" data-element_type=\"column\">\n\t\t\t<div class=\"elementor-widget-wrap elementor-element-populated\">\n\t\t\t\t\t\t<div class=\"elementor-element elementor-element-2888dfc elementor-widget elementor-widget-text-editor\" data-id=\"2888dfc\" data-element_type=\"widget\" data-widget_type=\"text-editor.default\">\n\t\t\t\t<div class=\"elementor-widget-container\">\n\t\t\t\t\t\t\t\t\t<h2 class=\"elementor-heading-title elementor-size-default\" style=\"text-align: center;\">Tous les circuits disponibles sur la page d\u00e9di\u00e9e :<\/h2><div style=\"text-align: center;\">\u00a0<\/div><div><h2 class=\"elementor-heading-title elementor-size-default\" style=\"text-align: center;\"><a href=\"https:\/\/cyclosaintbenoit86.fr\/index.php\/circuits-gravel\/\">&#8211;&gt; Circuits Gravel &lt;<\/a><a href=\"https:\/\/cyclosaintbenoit86.fr\/index.php\/circuits-gravel\/\">&#8212;<\/a><\/h2><div>\u00a0<\/div><\/div>\t\t\t\t\t\t\t\t<\/div>\n\t\t\t\t<\/div>\n\t\t\t\t\t<\/div>\n\t\t<\/div>\n\t\t\t\t\t<\/div>\n\t\t<\/section>\n\t\t\t\t<section class=\"elementor-section elementor-top-section elementor-element elementor-element-797e3d4 elementor-section-boxed elementor-section-height-default elementor-section-height-default\" data-id=\"797e3d4\" data-element_type=\"section\">\n\t\t\t\t\t\t<div class=\"elementor-container elementor-column-gap-default\">\n\t\t\t\t\t<div class=\"elementor-column elementor-col-100 elementor-top-column elementor-element elementor-element-3de742b\" data-id=\"3de742b\" data-element_type=\"column\">\n\t\t\t<div class=\"elementor-widget-wrap elementor-element-populated\">\n\t\t\t\t\t\t<div class=\"elementor-element elementor-element-0e7ea3d elementor-widget elementor-widget-text-editor\" data-id=\"0e7ea3d\" data-element_type=\"widget\" data-widget_type=\"text-editor.default\">\n\t\t\t\t<div class=\"elementor-widget-container\">\n\t\t\t\t\t\t\t\t\t<p><img decoding=\"async\" class=\"aligncenter wp-image-2085 size-full\" src=\"https:\/\/cyclosaintbenoit86.fr\/wp-content\/uploads\/2023\/11\/NIEQ5109.jpg\" alt=\"\" width=\"768\" height=\"1024\" srcset=\"https:\/\/cyclosaintbenoit86.fr\/wp-content\/uploads\/2023\/11\/NIEQ5109.jpg 768w, https:\/\/cyclosaintbenoit86.fr\/wp-content\/uploads\/2023\/11\/NIEQ5109-225x300.jpg 225w\" sizes=\"(max-width: 768px) 100vw, 768px\" \/><\/p><p>\u00a0<\/p>\t\t\t\t\t\t\t\t<\/div>\n\t\t\t\t<\/div>\n\t\t\t\t<div class=\"elementor-element elementor-element-2f7c4e2 elementor-widget elementor-widget-spacer\" data-id=\"2f7c4e2\" data-element_type=\"widget\" data-widget_type=\"spacer.default\">\n\t\t\t\t<div class=\"elementor-widget-container\">\n\t\t\t\t\t\t\t<div class=\"elementor-spacer\">\n\t\t\t<div class=\"elementor-spacer-inner\"><\/div>\n\t\t<\/div>\n\t\t\t\t\t\t<\/div>\n\t\t\t\t<\/div>\n\t\t\t\t\t<\/div>\n\t\t<\/div>\n\t\t\t\t\t<\/div>\n\t\t<\/section>\n\t\t\t\t<section class=\"elementor-section elementor-top-section elementor-element elementor-element-0353c54 elementor-section-boxed elementor-section-height-default elementor-section-height-default\" data-id=\"0353c54\" data-element_type=\"section\">\n\t\t\t\t\t\t<div class=\"elementor-container elementor-column-gap-default\">\n\t\t\t\t\t<div class=\"elementor-column elementor-col-50 elementor-top-column elementor-element elementor-element-eb717dd\" data-id=\"eb717dd\" data-element_type=\"column\">\n\t\t\t<div class=\"elementor-widget-wrap elementor-element-populated\">\n\t\t\t\t\t\t<div class=\"elementor-element elementor-element-20429e5 elementor-widget elementor-widget-image\" data-id=\"20429e5\" data-element_type=\"widget\" data-widget_type=\"image.default\">\n\t\t\t\t<div class=\"elementor-widget-container\">\n\t\t\t\t\t\t\t\t\t\t\t\t\t\t\t<img decoding=\"async\" width=\"768\" height=\"1024\" src=\"https:\/\/cyclosaintbenoit86.fr\/wp-content\/uploads\/2023\/11\/G0-768x1024.jpg\" class=\"attachment-large size-large wp-image-2108\" alt=\"\" srcset=\"https:\/\/cyclosaintbenoit86.fr\/wp-content\/uploads\/2023\/11\/G0-768x1024.jpg 768w, https:\/\/cyclosaintbenoit86.fr\/wp-content\/uploads\/2023\/11\/G0-225x300.jpg 225w, https:\/\/cyclosaintbenoit86.fr\/wp-content\/uploads\/2023\/11\/G0-1152x1536.jpg 1152w, https:\/\/cyclosaintbenoit86.fr\/wp-content\/uploads\/2023\/11\/G0.jpg 1536w\" sizes=\"(max-width: 768px) 100vw, 768px\" \/>\t\t\t\t\t\t\t\t\t\t\t\t\t\t\t<\/div>\n\t\t\t\t<\/div>\n\t\t\t\t\t<\/div>\n\t\t<\/div>\n\t\t\t\t<div class=\"elementor-column elementor-col-50 elementor-top-column elementor-element elementor-element-43a6fde\" data-id=\"43a6fde\" data-element_type=\"column\">\n\t\t\t<div class=\"elementor-widget-wrap elementor-element-populated\">\n\t\t\t\t\t\t<div class=\"elementor-element elementor-element-df4c00a elementor-widget elementor-widget-image\" data-id=\"df4c00a\" data-element_type=\"widget\" data-widget_type=\"image.default\">\n\t\t\t\t<div class=\"elementor-widget-container\">\n\t\t\t\t\t\t\t\t\t\t\t\t\t\t\t<img loading=\"lazy\" decoding=\"async\" width=\"768\" height=\"1024\" src=\"https:\/\/cyclosaintbenoit86.fr\/wp-content\/uploads\/2023\/11\/G0bis-768x1024.jpg\" class=\"attachment-large size-large wp-image-2109\" alt=\"\" srcset=\"https:\/\/cyclosaintbenoit86.fr\/wp-content\/uploads\/2023\/11\/G0bis-768x1024.jpg 768w, https:\/\/cyclosaintbenoit86.fr\/wp-content\/uploads\/2023\/11\/G0bis-225x300.jpg 225w, https:\/\/cyclosaintbenoit86.fr\/wp-content\/uploads\/2023\/11\/G0bis-1152x1536.jpg 1152w, https:\/\/cyclosaintbenoit86.fr\/wp-content\/uploads\/2023\/11\/G0bis.jpg 1536w\" sizes=\"(max-width: 768px) 100vw, 768px\" \/>\t\t\t\t\t\t\t\t\t\t\t\t\t\t\t<\/div>\n\t\t\t\t<\/div>\n\t\t\t\t\t<\/div>\n\t\t<\/div>\n\t\t\t\t\t<\/div>\n\t\t<\/section>\n\t\t\t\t<section class=\"elementor-section elementor-top-section elementor-element elementor-element-4c296cc elementor-section-boxed elementor-section-height-default elementor-section-height-default\" data-id=\"4c296cc\" data-element_type=\"section\">\n\t\t\t\t\t\t<div class=\"elementor-container elementor-column-gap-default\">\n\t\t\t\t\t<div class=\"elementor-column elementor-col-100 elementor-top-column elementor-element elementor-element-ffde9b5\" data-id=\"ffde9b5\" data-element_type=\"column\">\n\t\t\t<div class=\"elementor-widget-wrap elementor-element-populated\">\n\t\t\t\t\t\t<div class=\"elementor-element elementor-element-8cc5786 elementor-widget elementor-widget-image\" data-id=\"8cc5786\" data-element_type=\"widget\" data-widget_type=\"image.default\">\n\t\t\t\t<div class=\"elementor-widget-container\">\n\t\t\t\t\t\t\t\t\t\t\t\t\t\t\t<img loading=\"lazy\" decoding=\"async\" width=\"1024\" height=\"824\" src=\"https:\/\/cyclosaintbenoit86.fr\/wp-content\/uploads\/2023\/11\/VTT1-1024x824.jpg\" class=\"attachment-large size-large wp-image-2076\" alt=\"\" srcset=\"https:\/\/cyclosaintbenoit86.fr\/wp-content\/uploads\/2023\/11\/VTT1-1024x824.jpg 1024w, https:\/\/cyclosaintbenoit86.fr\/wp-content\/uploads\/2023\/11\/VTT1-300x242.jpg 300w, https:\/\/cyclosaintbenoit86.fr\/wp-content\/uploads\/2023\/11\/VTT1-768x618.jpg 768w, https:\/\/cyclosaintbenoit86.fr\/wp-content\/uploads\/2023\/11\/VTT1-1536x1236.jpg 1536w, https:\/\/cyclosaintbenoit86.fr\/wp-content\/uploads\/2023\/11\/VTT1.jpg 1600w\" sizes=\"(max-width: 1024px) 100vw, 1024px\" \/>\t\t\t\t\t\t\t\t\t\t\t\t\t\t\t<\/div>\n\t\t\t\t<\/div>\n\t\t\t\t\t<\/div>\n\t\t<\/div>\n\t\t\t\t\t<\/div>\n\t\t<\/section>\n\t\t\t\t<section class=\"elementor-section elementor-top-section elementor-element elementor-element-d560c3c elementor-section-boxed elementor-section-height-default elementor-section-height-default\" data-id=\"d560c3c\" data-element_type=\"section\">\n\t\t\t\t\t\t<div class=\"elementor-container elementor-column-gap-default\">\n\t\t\t\t\t<div class=\"elementor-column elementor-col-100 elementor-top-column elementor-element elementor-element-cd4628c\" data-id=\"cd4628c\" data-element_type=\"column\">\n\t\t\t<div class=\"elementor-widget-wrap elementor-element-populated\">\n\t\t\t\t\t\t<div class=\"elementor-element elementor-element-9fbaa4b elementor-widget elementor-widget-heading\" data-id=\"9fbaa4b\" data-element_type=\"widget\" data-widget_type=\"heading.default\">\n\t\t\t\t<div class=\"elementor-widget-container\">\n\t\t\t\t\t<h2 class=\"elementor-heading-title elementor-size-default\"><br>Quelques trac\u00e9s Gravel d\u00e9j\u00e0 effectu\u00e9s :<\/h2>\t\t\t\t<\/div>\n\t\t\t\t<\/div>\n\t\t\t\t\t<\/div>\n\t\t<\/div>\n\t\t\t\t\t<\/div>\n\t\t<\/section>\n\t\t\t\t<section class=\"elementor-section elementor-top-section elementor-element elementor-element-c05ff4a elementor-section-boxed elementor-section-height-default elementor-section-height-default\" data-id=\"c05ff4a\" data-element_type=\"section\">\n\t\t\t\t\t\t<div class=\"elementor-container elementor-column-gap-default\">\n\t\t\t\t\t<div class=\"elementor-column elementor-col-100 elementor-top-column elementor-element elementor-element-70f2425\" data-id=\"70f2425\" data-element_type=\"column\">\n\t\t\t<div class=\"elementor-widget-wrap elementor-element-populated\">\n\t\t\t\t\t\t<div class=\"elementor-element elementor-element-e775483 elementor-widget elementor-widget-image\" data-id=\"e775483\" data-element_type=\"widget\" data-widget_type=\"image.default\">\n\t\t\t\t<div class=\"elementor-widget-container\">\n\t\t\t\t\t\t\t\t\t\t\t\t\t\t\t<img loading=\"lazy\" decoding=\"async\" width=\"1024\" height=\"625\" src=\"https:\/\/cyclosaintbenoit86.fr\/wp-content\/uploads\/2023\/11\/G1-1024x625.jpg\" class=\"attachment-large size-large wp-image-2089\" alt=\"\" srcset=\"https:\/\/cyclosaintbenoit86.fr\/wp-content\/uploads\/2023\/11\/G1-1024x625.jpg 1024w, https:\/\/cyclosaintbenoit86.fr\/wp-content\/uploads\/2023\/11\/G1-300x183.jpg 300w, https:\/\/cyclosaintbenoit86.fr\/wp-content\/uploads\/2023\/11\/G1-768x469.jpg 768w, https:\/\/cyclosaintbenoit86.fr\/wp-content\/uploads\/2023\/11\/G1.jpg 1231w\" sizes=\"(max-width: 1024px) 100vw, 1024px\" \/>\t\t\t\t\t\t\t\t\t\t\t\t\t\t\t<\/div>\n\t\t\t\t<\/div>\n\t\t\t\t\t<\/div>\n\t\t<\/div>\n\t\t\t\t\t<\/div>\n\t\t<\/section>\n\t\t\t\t<section class=\"elementor-section elementor-top-section elementor-element elementor-element-5805f24 elementor-section-boxed elementor-section-height-default elementor-section-height-default\" data-id=\"5805f24\" data-element_type=\"section\">\n\t\t\t\t\t\t<div class=\"elementor-container elementor-column-gap-default\">\n\t\t\t\t\t<div class=\"elementor-column elementor-col-100 elementor-top-column elementor-element elementor-element-697b731\" data-id=\"697b731\" data-element_type=\"column\">\n\t\t\t<div class=\"elementor-widget-wrap elementor-element-populated\">\n\t\t\t\t\t\t<div class=\"elementor-element elementor-element-47940a0 elementor-widget elementor-widget-image\" data-id=\"47940a0\" data-element_type=\"widget\" data-widget_type=\"image.default\">\n\t\t\t\t<div class=\"elementor-widget-container\">\n\t\t\t\t\t\t\t\t\t\t\t\t\t\t\t<img loading=\"lazy\" decoding=\"async\" width=\"1024\" height=\"573\" src=\"https:\/\/cyclosaintbenoit86.fr\/wp-content\/uploads\/2023\/11\/G2-1024x573.jpg\" class=\"attachment-large size-large wp-image-2087\" alt=\"\" srcset=\"https:\/\/cyclosaintbenoit86.fr\/wp-content\/uploads\/2023\/11\/G2-1024x573.jpg 1024w, https:\/\/cyclosaintbenoit86.fr\/wp-content\/uploads\/2023\/11\/G2-300x168.jpg 300w, https:\/\/cyclosaintbenoit86.fr\/wp-content\/uploads\/2023\/11\/G2-768x429.jpg 768w, https:\/\/cyclosaintbenoit86.fr\/wp-content\/uploads\/2023\/11\/G2.jpg 1200w\" sizes=\"(max-width: 1024px) 100vw, 1024px\" \/>\t\t\t\t\t\t\t\t\t\t\t\t\t\t\t<\/div>\n\t\t\t\t<\/div>\n\t\t\t\t\t<\/div>\n\t\t<\/div>\n\t\t\t\t\t<\/div>\n\t\t<\/section>\n\t\t\t\t<section class=\"elementor-section elementor-top-section elementor-element elementor-element-2953c40 elementor-section-boxed elementor-section-height-default elementor-section-height-default\" data-id=\"2953c40\" data-element_type=\"section\">\n\t\t\t\t\t\t<div class=\"elementor-container elementor-column-gap-default\">\n\t\t\t\t\t<div class=\"elementor-column elementor-col-100 elementor-top-column elementor-element elementor-element-a878c17\" data-id=\"a878c17\" data-element_type=\"column\">\n\t\t\t<div class=\"elementor-widget-wrap elementor-element-populated\">\n\t\t\t\t\t\t<div class=\"elementor-element elementor-element-df6671c elementor-widget elementor-widget-image\" data-id=\"df6671c\" data-element_type=\"widget\" data-widget_type=\"image.default\">\n\t\t\t\t<div class=\"elementor-widget-container\">\n\t\t\t\t\t\t\t\t\t\t\t\t\t\t\t<img loading=\"lazy\" decoding=\"async\" width=\"1024\" height=\"361\" src=\"https:\/\/cyclosaintbenoit86.fr\/wp-content\/uploads\/2023\/11\/G3bis-1024x361.jpg\" class=\"attachment-large size-large wp-image-2094\" alt=\"\" srcset=\"https:\/\/cyclosaintbenoit86.fr\/wp-content\/uploads\/2023\/11\/G3bis-1024x361.jpg 1024w, https:\/\/cyclosaintbenoit86.fr\/wp-content\/uploads\/2023\/11\/G3bis-300x106.jpg 300w, https:\/\/cyclosaintbenoit86.fr\/wp-content\/uploads\/2023\/11\/G3bis-768x271.jpg 768w, https:\/\/cyclosaintbenoit86.fr\/wp-content\/uploads\/2023\/11\/G3bis-1536x542.jpg 1536w, https:\/\/cyclosaintbenoit86.fr\/wp-content\/uploads\/2023\/11\/G3bis-2048x723.jpg 2048w\" sizes=\"(max-width: 1024px) 100vw, 1024px\" \/>\t\t\t\t\t\t\t\t\t\t\t\t\t\t\t<\/div>\n\t\t\t\t<\/div>\n\t\t\t\t\t<\/div>\n\t\t<\/div>\n\t\t\t\t\t<\/div>\n\t\t<\/section>\n\t\t\t\t<\/div>\n\t\t","protected":false},"excerpt":{"rendered":"<p>Depuis la cr\u00e9ation de \u00ab\u00a0La printani\u00e8re Gravel by Cyclo St Benoit\u00a0\u00bb, nous avons enchain\u00e9 deux \u00e9ditions en mars 2024 et 2025. C\u2019est une organisation cons\u00e9quente qui demande un investissement important. Tous les membres et les b\u00e9n\u00e9voles se sont\u00a0fortement\u00a0mobilis\u00e9s durant ces deux derni\u00e8res ann\u00e9es. L\u2019\u00e9quipe a besoin de se ressourcer pour mieux revenir l\u2019an prochain.\u00a0 Rendez-vous [&hellip;]<\/p>\n","protected":false},"author":3,"featured_media":0,"parent":0,"menu_order":0,"comment_status":"closed","ping_status":"closed","template":"","meta":{"ocean_post_layout":"","ocean_both_sidebars_style":"","ocean_both_sidebars_content_width":0,"ocean_both_sidebars_sidebars_width":0,"ocean_sidebar":"0","ocean_second_sidebar":"0","ocean_disable_margins":"enable","ocean_add_body_class":"","ocean_shortcode_before_top_bar":"","ocean_shortcode_after_top_bar":"","ocean_shortcode_before_header":"","ocean_shortcode_after_header":"","ocean_has_shortcode":"","ocean_shortcode_after_title":"","ocean_shortcode_before_footer_widgets":"","ocean_shortcode_after_footer_widgets":"","ocean_shortcode_before_footer_bottom":"","ocean_shortcode_after_footer_bottom":"","ocean_display_top_bar":"default","ocean_display_header":"default","ocean_header_style":"","ocean_center_header_left_menu":"0","ocean_custom_header_template":"0","ocean_custom_logo":0,"ocean_custom_retina_logo":0,"ocean_custom_logo_max_width":0,"ocean_custom_logo_tablet_max_width":0,"ocean_custom_logo_mobile_max_width":0,"ocean_custom_logo_max_height":0,"ocean_custom_logo_tablet_max_height":0,"ocean_custom_logo_mobile_max_height":0,"ocean_header_custom_menu":"0","ocean_menu_typo_font_family":"0","ocean_menu_typo_font_subset":"","ocean_menu_typo_font_size":0,"ocean_menu_typo_font_size_tablet":0,"ocean_menu_typo_font_size_mobile":0,"ocean_menu_typo_font_size_unit":"px","ocean_menu_typo_font_weight":"","ocean_menu_typo_font_weight_tablet":"","ocean_menu_typo_font_weight_mobile":"","ocean_menu_typo_transform":"","ocean_menu_typo_transform_tablet":"","ocean_menu_typo_transform_mobile":"","ocean_menu_typo_line_height":0,"ocean_menu_typo_line_height_tablet":0,"ocean_menu_typo_line_height_mobile":0,"ocean_menu_typo_line_height_unit":"","ocean_menu_typo_spacing":0,"ocean_menu_typo_spacing_tablet":0,"ocean_menu_typo_spacing_mobile":0,"ocean_menu_typo_spacing_unit":"","ocean_menu_link_color":"","ocean_menu_link_color_hover":"","ocean_menu_link_color_active":"","ocean_menu_link_background":"","ocean_menu_link_hover_background":"","ocean_menu_link_active_background":"","ocean_menu_social_links_bg":"","ocean_menu_social_hover_links_bg":"","ocean_menu_social_links_color":"","ocean_menu_social_hover_links_color":"","ocean_disable_title":"default","ocean_disable_heading":"default","ocean_post_title":"","ocean_post_subheading":"","ocean_post_title_style":"","ocean_post_title_background_color":"","ocean_post_title_background":0,"ocean_post_title_bg_image_position":"","ocean_post_title_bg_image_attachment":"","ocean_post_title_bg_image_repeat":"","ocean_post_title_bg_image_size":"","ocean_post_title_height":0,"ocean_post_title_bg_overlay":0.5,"ocean_post_title_bg_overlay_color":"","ocean_disable_breadcrumbs":"default","ocean_breadcrumbs_color":"","ocean_breadcrumbs_separator_color":"","ocean_breadcrumbs_links_color":"","ocean_breadcrumbs_links_hover_color":"","ocean_display_footer_widgets":"default","ocean_display_footer_bottom":"default","ocean_custom_footer_template":"0","footnotes":""},"class_list":["post-2177","page","type-page","status-publish","hentry","entry"],"_links":{"self":[{"href":"https:\/\/cyclosaintbenoit86.fr\/index.php\/wp-json\/wp\/v2\/pages\/2177","targetHints":{"allow":["GET"]}}],"collection":[{"href":"https:\/\/cyclosaintbenoit86.fr\/index.php\/wp-json\/wp\/v2\/pages"}],"about":[{"href":"https:\/\/cyclosaintbenoit86.fr\/index.php\/wp-json\/wp\/v2\/types\/page"}],"author":[{"embeddable":true,"href":"https:\/\/cyclosaintbenoit86.fr\/index.php\/wp-json\/wp\/v2\/users\/3"}],"replies":[{"embeddable":true,"href":"https:\/\/cyclosaintbenoit86.fr\/index.php\/wp-json\/wp\/v2\/comments?post=2177"}],"version-history":[{"count":226,"href":"https:\/\/cyclosaintbenoit86.fr\/index.php\/wp-json\/wp\/v2\/pages\/2177\/revisions"}],"predecessor-version":[{"id":4982,"href":"https:\/\/cyclosaintbenoit86.fr\/index.php\/wp-json\/wp\/v2\/pages\/2177\/revisions\/4982"}],"wp:attachment":[{"href":"https:\/\/cyclosaintbenoit86.fr\/index.php\/wp-json\/wp\/v2\/media?parent=2177"}],"curies":[{"name":"wp","href":"https:\/\/api.w.org\/{rel}","templated":true}]}}